ose -4*u = 2*t - 42, t - 39 = 177*u - 182*u. What is the highest common divisor of 291 and t?
3
Let a = -139 - -151. Suppose 7*t - a*t + 5*y = -395, y + 304 = 4*t. Calculate the greatest common factor of t and 375.
75
Let f = 1 - -9. Let w be (-8*2/(-3))/((-5)/(-15)). Let m be ((180/w)/5)/(6/40). What is the highest common divisor of f and m?
5
Let n(l) = -l**2 + 46*l + 15. Let g be (6/45*-12)/(21/(-210)). Let p be n(g). Calculate the highest common divisor of 15 and p.
15
Suppose -2*w = 3*d - 1298, 11*d = 7*d + w + 1727. What is the highest common factor of d and 192?
48
Let d(y) = -3*y + 38. Let f be d(11). Suppose f*b + 5*t = 35, 7*t - 4*t - 3 = 0. Calculate the greatest common divisor of b and 78.
6
Suppose 2*g - 5 = 11. Let k be (289 - 140) + (3 - (2 + -1) - -1). Calculate the highest common factor of k and g.
8
Suppose 0 = -3*i + 6, 2*a = i - 0 + 2. Suppose -5*s + 2*r = -3*s - 4, 0 = -4*s - a*r + 26. Calculate the highest common divisor of s and 100.
5
Suppose -r = 4*m - 1105, 3*m - 2*r = -2*m + 1378. Let v be (-6)/(-21) + m/14. Calculate the highest common factor of v and 50.
10
Suppose -35*m + 36*m = -340. Let a = m + 388. What is the greatest common divisor of a and 60?
12
Let v = 104 + -67. Suppose 2*d + v = b, -3*b + 2*b + 65 = 5*d. Let u be 9/(-1 - 2)*5/(-1). What is the highest common divisor of b and u?
15
Let f(z) = -z**3 + 8*z**2 - 12*z - 2. Suppose -16 = 3*s - 31. Let p be f(s). What is the highest common factor of p and 169?
13
Suppose m = -j + 495, -m + 1048 = 4*j - 944. Let v = j + -489. Suppose -2*h + h - 2 = 3*q, -32 = -2*h + 3*q. Calculate the highest common divisor of h and v.
10
Let z = -8252 - -8758. What is the greatest common factor of 1978 and z?
46
Let t be (-2)/(((-9)/(-57))/(-3)). Let n = 480 + -305. Suppose -129 = -2*z + n. Calculate the highest common divisor of t and z.
38
Let z = -183 - -187. Suppose z*c = 30 + 26. What is the highest common factor of 224 and c?
14
Let f(i) = -5*i - 101. Suppose -5*q = -4*g + 295, -2*g - 40 = q + g. Let k be f(q). Calculate the greatest common factor of k and 261.
87
Let p be 56/(-588) + (676/(-42))/(-1). Suppose -2*l + 913 = 5*x, -4*x - 1868 = 9*l - 13*l. What is the highest common factor of l and p?
16
Suppose 10*r - 27570 = 3613 - 3733. What is the greatest common factor of r and 27?
9
Let y(p) = 11*p**3 - 4*p**2 + 2*p. Let w = 313 + -311. Let a be y(w). Calculate the highest common divisor of a and 19.
19
Let t(g) be the second derivative of -g**5/20 - g**4/2 - 19*g**3/6 - 18*g**2 - 6*g - 5. Let q be t(-6). Calculate the greatest common divisor of 1560 and q.
78
Let x(b) = -242*b - 119. Let y be x(-18). Calculate the highest common divisor of 19 and y.
19
Let r = 1017 - 510. Suppose 4*t - 2*t + g = 207, -5*t + r = -g. Let h = t + 2. Calculate the highest common factor of h and 8.
8
Suppose 0 = 81*l - 122*l + 241 + 415. Let h(b) = -b**3 + 22*b**2 + 14*b + 40. Let n be h(20). What is the highest common divisor of l and n?
16
Suppose -5*z - 518 = -2*t, 88*t - 85*t = z + 712. Let x = 84 + -30. Calculate the greatest common divisor of x and t.
18
Let n be (-432)/(-28) - (-36)/(-84). Suppose -263 = -n*k + 37. Suppose -6 = 4*d - 22. What is the greatest common factor of k and d?
4
Suppose 11226 = 3*n + 2*f, 23*n - f + 11223 = 26*n. Calculate the greatest common factor of 34 and n.
34
Suppose 5*f + 5*q = 625, 1 = 16*q - 15*q. Let v be (-11)/(-22)*(-2 - 0). Let t be -2 + 4 + (v - -30). Calculate the highest common factor of t and f.
31
Let a be (-6)/(-9) - (-320)/6. Let q(g) = -8*g - 117. Let s be q(-12). Let r be (-108)/s*49/14. Calculate the greatest common factor of a and r.
18
Let z be (-21)/(-28) - 171164/(-112). Calculate the greatest common factor of z and 44.
11
Let b(a) = -23*a**2 - 1949*a + 195. Let q be b(-81). What is the greatest common divisor of 279 and q?
93
Let i be 67/2 - 9/18. Let p be (-15)/5 + 2 + i. What is the highest common divisor of p and 3?
1
Suppose -155*a + 139*a = -59360. What is the highest common factor of 140 and a?
70
Let g = 56 - 45. Suppose 4*f = -h + 17 + 3, 5*f - 25 = 3*h. Suppose -22 + h = -j. What is the greatest common factor of g and j?
11
Suppose -9 = t - 4*t. Let y be (3 + -3 + -3)/(t/(-7)). Suppose 9*f = y*f + 40. Calculate the greatest common factor of f and 30.
10
Let r be 2 + -3 + 0 + 365. Suppose -25*p + 36 + r = 0. Calculate the highest common divisor of p and 20.
4
Let m(u) = -u**2 - 33*u + 75. Let f be m(-32). Suppose 190 = -8*v + 3*v. Let y = f + v. Calculate the highest common factor of y and 23.
23
Let i be (-11)/55*-74 - (-8)/(-10). Let f be 2/i - 4401/(-63). What is the highest common factor of f and 10?
10
Let s(y) = 56*y + 10. Let p(q) = -q**2 - 29*q - 50. Let c be p(-27). Let n be s(c). What is the greatest common divisor of n and 18?
18
Let l(z) = -2*z**3 + z**2 - 2*z + 328. Let q be l(0). Suppose -136 = -8*h - 72. What is the highest common factor of h and q?
8
Let j be 3/(4/(-48)*-4). Suppose 3*a = 4*n - 402, 505 = -2*n + 7*n - 5*a. Calculate the highest common factor of j and n.
9
Let w(j) = 24 + 6*j + 25*j**2 + 2*j - 5*j - j**3 + 0*j. Let s be w(25). Calculate the highest common divisor of 33 and s.
33
Let i = 0 - -1. Let l(n) = 12*n - 15 + 7*n**2 + 4*n**2 - 10*n**2. Let q be l(-14). Calculate the greatest common factor of q and i.
1
Let z = 93 + -89. Suppose f - 3*f + z*f = 0. Let v(o) = -9*o + 16. Let r be v(f). Calculate the greatest common factor of r and 176.
16
Suppose 0 = -30*v - 38*v + 68. Suppose 55 = 3*a - 4*p, 0*a + 3*a = -4*p + 95. Calculate the highest common divisor of a and v.
1
Let i be (-3)/(-1) - (26 + -25). Suppose -b + 4 = -2*k, -i*k + 0*k + 2 = 0. Calculate the greatest common factor of b and 129.
3
Suppose -140963 + 3595 = 13*x - 459*x. Calculate the greatest common divisor of 110 and x.
22
Let g(h) = -h - 1. Let l(m) = 9*m - 13. Let x(k) = 14*g(k) + 2*l(k). Let w be x(11). Calculate the highest common factor of 4 and w.
4
Let b(k) = -13*k + 13. Let z be b(-4). Let i be 52/z - (-326)/5. What is the greatest common divisor of i and 99?
33
Suppose 0 = 4*t - 74 + 70, 0 = 3*k + 2*t - 158. Calculate the greatest common divisor of 5603 and k.
13
Suppose -154 + 103 = -3*r. Suppose r*a - 453 = 482. What is the greatest common factor of 143 and a?
11
Suppose -l - 84 = -4*w, -3*l = 4*w - 8*l - 100. Suppose 0 = 5*t - w, -2*t = -j + 155 + 245. What is the highest common divisor of 24 and j?
24
Let r(l) = -11*l + 900. Let u be r(27). Calculate the greatest common factor of u and 9.
9
Suppose -5*p + 505 = 3*b, -157 = -b + p + 3*p. Suppose 483 + 448 - 181 = 50*m. Calculate the greatest common factor of b and m.
15
Let k be 2/4 - (-245)/70. Suppose k*t - 64 = -3*b, 39 = 2*b - 2*t + t. What is the greatest common divisor of 6 and b?
2
Let v be 20*(-4)/(-16) + -9 + 521. Calculate the highest common divisor of v and 33.
11
Suppose -4*q - 4 = 8. Let a be -213*(q + 2 - 0). What is the highest common divisor of a and 71?
71
Let l(w) = 9*w**2 - 6*w - 35. Let v be l(-6). Suppose -2*j + 4*j - 50 = 0. What is the greatest common factor of v and j?
25
Let t be -3 - ((-122)/18 + (-2)/9). Suppose 0 = t*y + 176 - 540. Let r = -19 + y. Calculate the highest common divisor of 48 and r.
24
Suppose -5*k = 2*s - 22497, 5*k + 3*s = 4*k + 4489. Suppose 0 = -23*v + k - 1810. What is the greatest common divisor of v and 36?
9
Let b be (19 - 6) + (12/3 - -1). Suppose 0 = -15*w + 24*w - b. Let k(n) = 4*n + 1. Let y be k(1). What is the greatest common divisor of y and w?
1
Suppose b + 14*b = 48*b - 132. Let a = -8 + 77. Suppose -37 = -2*t + 5*x - 2*x, x = b*t - a. Calculate the highest common factor of 153 and t.
17
Suppose -8*o + 3*g = -9*o, 4*o - 28 = 2*g. Let q be (-13176)/(-90)*15/o. What is the greatest common divisor of q and 6?
6
Let j(q) = 50*q**2 + q - 3. Let v be j(-2). Let w be (v/(-9))/(-5) - 5/15. Suppose -58 = -t + w. What is the highest common factor of t and 93?
31
Suppose -10*i = -12*i + 26. Suppose -12*w - 12 = -i*w. Suppose y + 0*y - 8 = -3*k, 2*y + 2*k - w = 0. Calculate the highest common factor of y and 40.
5
Let u be 3/(-5) - 5006/(-10). Let r = -491 - -511. What is the highest common divisor of r and u?
20
Let g(d) = 11*d**2 + 4*d - 1. Let m be g(-4). Let a = m - 84. Suppose -23 - a = -y. What is the great